-4. Suppose 4*m = 5*m + y. Let b = 2 - m. List the prime factors of b.
3
List the prime factors of 8/14 - (-135)/21.
7
Let c(t) = -t**2 - 6*t - 5. Let i be c(-4). Suppose i*v + 0*v + 120 = 4*s, s + 200 = -5*v. Let h = -27 - v. List the prime factors of h.
13
Let t be 1 - 0 - 6/(-6). Suppose 0*b = -t*b + 2. Suppose -3 + b = -x, -5*r - 4*x = -23. List the prime factors of r.
3
Suppose -2*n - n = -114. Suppose -2*q = -4*m + n, -2*m + 3*m - 7 = q. List the prime factors of m.
2, 3
Let p(a) be the third derivative of -a**5/40 + a**4/8 - a**3/3 - 4*a**2. Let u(b) be the first derivative of p(b). List the prime factors of u(-3).
2, 3
Suppose 9*p + 352 = 11*p. What are the prime factors of p?
2, 11
Suppose -3*w - 15 - 18 = 0. Let d = w - -20. Suppose -3*f + d - 3 = 0. What are the prime factors of f?
2
Let p = 11 + -13. List the prime factors of (1 - p)*(-111)/(-9).
37
Let n = -54 + 127. What are the prime factors of n?
73
Let z(p) = -p + 30. List the prime factors of z(13).
17
Suppose -116 = -2*z - l, -2*z + 140 = -l - 4*l. List the prime factors of z.
2, 3, 5
Suppose -85 = r - 2*r + 3*t, 3*r = -5*t + 283. List the prime factors of r.
7, 13
Let d(m) = 4*m**2 + 25. List the prime factors of d(6).
13
Let z(s) = 3*s. Let h be z(-1). Suppose -y = -5, -y = -m - 4*m - 10. What are the prime factors of -24*(m - (h - -3))?
2, 3
Suppose v - 4*v - g + 11 = 0, -5*v = 3*g - 13. Suppose -3*u - 3*y + 12 = -u, -v*u - y + 30 = 0. What are the prime factors of u?
2, 3
Let m(y) = y**3 + 8*y**2 - 5*y - 7. What are the prime factors of m(-8)?
3, 11
Suppose -33 = -4*o - 5*s, 13 = -2*o - 3*s + 32. Let w be o + 0 + 4 + -1. Suppose z = w*z - 12. What are the prime factors of z?
3
Suppose j + 5*t = -26, -j + 3*t = -0*t - 14. List the prime factors of 2*3 - (j - -2).
5
Let t be (-7)/(-21) + (-10)/(-6). Suppose 5*w + 5*h = 30, -5*h = -t*w - w + 58. List the prime factors of w.
11
Let b = -9 - -18. Suppose 4*z - 5*u - 23 = -0*u, -3*u = -2*z + 11. Let y = z + b. What are the prime factors of y?
2
List the prime factors of (-1)/(-4) + 1029/28.
37
Let j = 16 - -6. List the prime factors of j.
2, 11
Suppose i - 4*a = 3 + 13, -4*a = 20. Let p = 5 - i. Suppose -x - 4*x - 18 = -2*d, -d = -2*x - p. List the prime factors of d.
3
Suppose -17 = d - 5*b, -3*d + 4*b = 9*b + 31. List the prime factors of 37 - d/8*-2.
2, 17
Suppose 2*u - 6*u = -140. What are the prime factors of u?
5, 7
Suppose 0 = 9*x - 6*x + 3. What are the prime factors of -1 + x - 0 - -27?
5
Suppose -2*n + 62 = a, -3*a + 53 = 2*n - 145. Let z = a + -29. What are the prime factors of z?
3, 13
Let z = 3 + -1. Suppose -17 = h - z*h - 5*b, 0 = h + 4*b - 13. List the prime factors of (2/h)/(2/(-33)).
11
Let x = 22 + -12. What are the prime factors of x?
2, 5
Let q be 108/(-15) - (-2)/10. Let w = 5 - 3. Let v = w - q. What are the prime factors of v?
3
Suppose w - 110 = 125. What are the prime factors of w?
5, 47
Suppose 1 = -0*p - p. Let o be p/((0 + -1)/(-16)). Let q = o - -30. List the prime factors of q.
2, 7
Let g be (5 - 3)/(1/2). Suppose -g*j = j - 25. Suppose 35 - 1 = 3*d - 5*q, -j*d + 68 = 3*q. List the prime factors of d.
13
Let p(q) = q. Let m(u) = -12*u + 1. Let d(o) = m(o) + 4*p(o). Let w be d(-2). Suppose -3*t = 5*k - w - 43, 2*k = -4*t + 10. What are the prime factors of k?
3, 5
Let x = -34 + 66. Let c = x + -19. What are the prime factors of c?
13
Let n = 7 + -4. Let h be (-26)/(-2 - (n - 3)). What are the prime factors of h + 3/(6/4)?
3, 5
Suppose 5*m = 8 + 7, -2*m + 9 = c. Suppose c*j = 6*j - 39. Suppose -q - j = -2*q. What are the prime factors of q?
13
Let u be ((5 - 2) + -4)*2. Let k = u - -23. Suppose k = 4*j - 19. What are the prime factors of j?
2, 5
Let h be (-2 - (35 - -2)) + -1. Let s = -32 - -20. List the prime factors of (s/5)/(12/h).
2
Let x(m) = m**3 + 3*m**2 + 3*m + 1. Let c be x(-2). Suppose -1 - 7 = -4*u. What are the prime factors of u + 21/3 + c?
2
Suppose -5*a + 565 = 3*s + 120, a = 5*s + 117. What are the prime factors of a?
2, 23
Let v = -35 + 74. Let l(q) = -9*q + 9. Let r be l(4). Let b = r + v. List the prime factors of b.
2, 3
Let f(r) = r**3 - 6*r**2 + 5*r + 4. Let g be f(5). Suppose -5*c + m + 103 = 2*m, -82 = -g*c - m. List the prime factors of c.
3, 7
Let v(l) = l**2 - 5*l + 21. What are the prime factors of v(7)?
5, 7
Suppose 2*t - 2 = 3*o + 30, 5*o + 60 = 5*t. List the prime factors of (-6)/(-24) - 110/o.
2, 7
Let t(s) = -s**3 - s**2 + 3. Let f be t(0). Suppose w - 2*a = -a + 3, f*w - 9 = 2*a. Suppose -w*g + 24 = -0*g - 2*j, -3*j = 0. What are the prime factors of g?
2
Let t(p) = -p**2 - 7*p. Let n be t(-7). Suppose -5*z + 5 = 5*a, 2*z + 0 + 2 = -4*a. Suppose n = l - z. List the prime factors of l.
3
Let b be -2 - (-15 + -1 + 2). Let j = b - 4. List the prime factors of j.
2
Let d(l) = -l**3 - 2*l**2 + 5*l + 4. Suppose -2*j + j - 3 = 0. Let t be d(j). Let w = t - -10. What are the prime factors of w?
2
Let s = -152 + 251. List the prime factors of s.
3, 11
Suppose 110 + 105 = 5*g. List the prime factors of g.
43
Suppose -4*g = 13 - 5, -g = 3*k - 13. Let o = 36 - 17. Suppose 0 = -5*n - 7*q + 4*q + 47, -k*n = -4*q - o. What are the prime factors of n?
7
Let m = -137 - -213. Suppose -10 + m = 2*g. What are the prime factors of g?
3, 11
Let d = 54 - 0. Suppose d = 4*v + 14. List the prime factors of v.
2, 5
Suppose -2*j - 1 = -i, 0 = -4*j - 3*i - i - 8. Let b be j/(-2) + (-21)/(-6). What are the prime factors of (b/6)/(1/12)?
2
Suppose 2*x - 3*v + 0*v - 19 = 0, 2*x = -5*v - 5. List the prime factors of x.
5
List the prime factors of (2/(-4))/((-3)/492).
2, 41
Let y be 5 + 2*(3 - 4). Suppose 0 = -4*j + 13 + y. Suppose -t + j = k - 2, -20 = -5*k. What are the prime factors of t?
2
Let a be 1*(-11 + -3) - -4. List the prime factors of (12/a)/(18/(-420)).
2, 7
Suppose -3*d + 0*d + 9 = 0. Suppose 2*v - d*v + 14 = 0. What are the prime factors of v?
2, 7
Let m(c) = c - 13. Let u be m(-10). Let n = u + 63. What are the prime factors of n?
2, 5
Let g(f) = 11*f - 11. What are the prime factors of g(5)?
2, 11
Let g(x) = x**2 - 6*x - 2. Let b be 22 - (-1*3)/(-3). Suppose -5*c + 2*c + b = 0. What are the prime factors of g(c)?
5
Let q(t) = t**3 + 6*t**2 + 2*t + 4. Let y = 1 + -6. List the prime factors of q(y).
19
Suppose -i + 3400 = 16*i. What are the prime factors of i?
2, 5
Let s(w) = -w**3 + 4*w**2 - 2*w - 3. Let d be s(3). Suppose 35 + d = t. Suppose -3*n + t = 2. What are the prime factors of n?
11
Let v be -2 + 1 + 17*1. Let h be (-1 + 2/(-4))*4. Let z = v + h. What are the prime factors of z?
2, 5
List the prime factors of 10/(-15) - (-23)/3.
7
Suppose 5*d + 165 = 3*g, -3*g + g - 2*d = -94. List the prime factors of g.
2, 5
Suppose 0 = 3*u - u - 66. Suppose -3*y + u = -0*y. List the prime factors of y.
11
Suppose -3*d - 50 = -2*f, -5*d + 10 = 5*f - 165. What are the prime factors of f?
31
Let c(m) = m + 5. Let y be c(0). Suppose -3*k - 28 = -y*k. List the prime factors of k.
2, 7
Let m = -10 + 21. Suppose -4*t - 5 - m = 0, -5*t = 2*y + 14. Suppose u + y = 11. What are the prime factors of u?
2
Let l be (-6)/24 - (-42)/8. Let t(w) = -2 + 4*w**2 + w + 2*w**2 - l*w**2 + 1. List the prime factors of t(2).
5
Let v = -28 + 31. Suppose -3*h + v*o = -h - 115, -4*h + 228 = -4*o. List the prime factors of h.
2, 7
List the prime factors of -1 + 218 + (-2 - (-2 - -1)).
2, 3
Suppose 9*d - 30 = 8*d. Let v = -35 + 14. Let r = v + d. List the prime factors of r.
3
What are the prime factors of 2 + 74 - -4 - 4?
2, 19
Let s(b) = -b**3 + 7*b**2 - 4*b - 4. List the prime factors of s(6).
2
Let z be 67 - 2*(-12)/(-8). Let o = 94 - z. List the prime factors of o.
2, 3, 5
Let z = 226 - 86. List the prime factors of (3/2)/(21/z).
2, 5
What are the prime factors of (674/10)/(-6 + (-155)/(-25))?
337
What are the prime factors of ((-5)/10)/((-1)/50)?
5
Let o = -16 + 27. What are the prime factors of o?
11
Let y(d) = d**2 - 3*d + 4. List the prime factors of y(4).
2
Let f be 505/55 + 4/(-22). Let j(r) = r + 6. What are the prime factors of j(f)?
3, 5
Let n = 50 + -27. List the prime factors of n.
23
What are the prime factors of (-4)/((-8)/42) + 2?
23
Suppose -5*x - j = -160 - 14, x + 2*j - 33 = 0. Let p = -21 + x. List the prime factors of p.
2, 7
Let q(c) = 2*c + 6. List the prime factors of q(5).
2
Suppose